{"id":226,"date":"2020-04-09T09:43:21","date_gmt":"2020-04-09T09:43:21","guid":{"rendered":"https:\/\/demo.artureanec.com\/themes\/organium\/?page_id=226"},"modified":"2026-03-25T17:41:49","modified_gmt":"2026-03-25T14:41:49","slug":"gold-siyah-zeytin","status":"publish","type":"page","link":"https:\/\/tanersoyaslan.com\/?page_id=226","title":{"rendered":"Duble Siyah Zeytin"},"content":{"rendered":"\t\t<div data-elementor-type=\"wp-page\" data-elementor-id=\"226\" class=\"elementor elementor-226\">\n\t\t\t\t\t\t<section class=\"elementor-section elementor-top-section elementor-element elementor-element-f0f77c4 elementor-section-stretched elementor-section-boxed elementor-section-height-default elementor-section-height-default\" data-id=\"f0f77c4\" data-element_type=\"section\" data-e-type=\"section\" data-settings=\"{&quot;stretch_section&quot;:&quot;section-stretched&quot;,&quot;background_background&quot;:&quot;classic&quot;}\">\n\t\t\t\t\t\t<div class=\"elementor-container elementor-column-gap-default\">\n\t\t\t\t\t<div class=\"elementor-column elementor-col-100 elementor-top-column elementor-element elementor-element-121cd70\" data-id=\"121cd70\" data-element_type=\"column\" data-e-type=\"column\">\n\t\t\t<div class=\"elementor-widget-wrap elementor-element-populated\">\n\t\t\t\t\t\t<div class=\"elementor-element elementor-element-af0d555 elementor-widget elementor-widget-organium_heading\" data-id=\"af0d555\" data-element_type=\"widget\" data-e-type=\"widget\" data-widget_type=\"organium_heading.default\">\n\t\t\t\t<div class=\"elementor-widget-container\">\n\t\t\t\t\t\n        <div class=\"organium_heading_widget\">\n                                <div class=\"organium_up_heading\"><\/div>\n                                    <h2 class=\"organium_heading\">\n\n                    Duble Siyah Zeytin                <\/h2>\n                        <\/div>\n        \t\t\t\t<\/div>\n\t\t\t\t<\/div>\n\t\t\t\t<section class=\"elementor-section elementor-inner-section elementor-element elementor-element-d8cd006 elementor-section-boxed elementor-section-height-default elementor-section-height-default\" data-id=\"d8cd006\" data-element_type=\"section\" data-e-type=\"section\">\n\t\t\t\t\t\t<div class=\"elementor-container elementor-column-gap-extended\">\n\t\t\t\t\t<div class=\"elementor-column elementor-col-50 elementor-inner-column elementor-element elementor-element-beb442a\" data-id=\"beb442a\" data-element_type=\"column\" data-e-type=\"column\">\n\t\t\t<div class=\"elementor-widget-wrap elementor-element-populated\">\n\t\t\t\t\t\t<div class=\"elementor-element elementor-element-5e01c31 elementor-widget elementor-widget-organium_ad_banner\" data-id=\"5e01c31\" data-element_type=\"widget\" data-e-type=\"widget\" data-widget_type=\"organium_ad_banner.default\">\n\t\t\t\t<div class=\"elementor-widget-container\">\n\t\t\t\t\t\n        <div class=\"organium_ad_banner_widget view_type_2\">\n            <span class=\"organium_banner_inner\"><img decoding=\"async\" class=\"organium_image_widget_bg lazyload\" data-src=\"https:\/\/tanersoyaslan.com\/wp-content\/uploads\/2026\/03\/WhatsApp-Image-2026-03-18-at-13.37.36-8.jpeg\" alt=\"\" src=\"data:image\/gif;base64,R0lGODlhAQABAAAAACH5BAEKAAEALAAAAAABAAEAAAICTAEAOw==\" style=\"--smush-placeholder-width: 1536px; --smush-placeholder-aspect-ratio: 1536\/1024;\" \/><span class=\"organium_banner_frame\"><\/span><span class=\"organium_banner_content\"><span class=\"organium_banner_title\">1 KG DUBLE S\u0130YAH ZEYT\u0130N<\/span><\/span><\/span>        <\/div>\n        \t\t\t\t<\/div>\n\t\t\t\t<\/div>\n\t\t\t\t\t<\/div>\n\t\t<\/div>\n\t\t\t\t<div class=\"elementor-column elementor-col-50 elementor-inner-column elementor-element elementor-element-0178f9a\" data-id=\"0178f9a\" data-element_type=\"column\" data-e-type=\"column\">\n\t\t\t<div class=\"elementor-widget-wrap elementor-element-populated\">\n\t\t\t\t\t\t<div class=\"elementor-element elementor-element-fe19171 elementor-widget elementor-widget-organium_ad_banner\" data-id=\"fe19171\" data-element_type=\"widget\" data-e-type=\"widget\" data-widget_type=\"organium_ad_banner.default\">\n\t\t\t\t<div class=\"elementor-widget-container\">\n\t\t\t\t\t\n        <div class=\"organium_ad_banner_widget view_type_2\">\n            <span class=\"organium_banner_inner\"><img decoding=\"async\" class=\"organium_image_widget_bg lazyload\" data-src=\"https:\/\/tanersoyaslan.com\/wp-content\/uploads\/2025\/05\/teneke-10kg-1.jpg\" alt=\"\" src=\"data:image\/gif;base64,R0lGODlhAQABAAAAACH5BAEKAAEALAAAAAABAAEAAAICTAEAOw==\" style=\"--smush-placeholder-width: 1200px; --smush-placeholder-aspect-ratio: 1200\/1600;\" \/><span class=\"organium_banner_frame\"><\/span><span class=\"organium_banner_content\"><span class=\"organium_banner_title\">10 KG \u0130R\u0130 YA\u011eLI S\u0130YAH ZEYT\u0130N TENEKE<\/span><\/span><\/span>        <\/div>\n        \t\t\t\t<\/div>\n\t\t\t\t<\/div>\n\t\t\t\t\t<\/div>\n\t\t<\/div>\n\t\t\t\t\t<\/div>\n\t\t<\/section>\n\t\t\t\t\t<\/div>\n\t\t<\/div>\n\t\t\t\t\t<\/div>\n\t\t<\/section>\n\t\t\t\t<section class=\"elementor-section elementor-top-section elementor-element elementor-element-78018b4 elementor-section-stretched elementor-section-full_width elementor-section-height-default elementor-section-height-default\" data-id=\"78018b4\" data-element_type=\"section\" data-e-type=\"section\" data-settings=\"{&quot;stretch_section&quot;:&quot;section-stretched&quot;,&quot;background_background&quot;:&quot;classic&quot;}\">\n\t\t\t\t\t\t<div class=\"elementor-container elementor-column-gap-no\">\n\t\t\t\t\t<div class=\"elementor-column elementor-col-100 elementor-top-column elementor-element elementor-element-ad936fc\" data-id=\"ad936fc\" data-element_type=\"column\" data-e-type=\"column\">\n\t\t\t<div class=\"elementor-widget-wrap elementor-element-populated\">\n\t\t\t\t\t\t<div class=\"elementor-element elementor-element-df699d3 elementor-absolute elementor-hidden-tablet elementor-hidden-phone elementor-widget elementor-widget-image\" data-id=\"df699d3\" data-element_type=\"widget\" data-e-type=\"widget\" data-settings=\"{&quot;_position&quot;:&quot;absolute&quot;}\" data-widget_type=\"image.default\">\n\t\t\t\t<div class=\"elementor-widget-container\">\n\t\t\t\t\t\t\t\t\t\t\t\t\t\t\t<img fetchpriority=\"high\" decoding=\"async\" width=\"155\" height=\"413\" src=\"https:\/\/tanersoyaslan.com\/wp-content\/uploads\/2020\/05\/bg-delivery-1.png\" class=\"attachment-full size-full wp-image-479\" alt=\"\" srcset=\"https:\/\/tanersoyaslan.com\/wp-content\/uploads\/2020\/05\/bg-delivery-1.png 155w, https:\/\/tanersoyaslan.com\/wp-content\/uploads\/2020\/05\/bg-delivery-1-113x300.png 113w\" sizes=\"(max-width: 155px) 100vw, 155px\" \/>\t\t\t\t\t\t\t\t\t\t\t\t\t\t\t<\/div>\n\t\t\t\t<\/div>\n\t\t\t\t<section class=\"elementor-section elementor-inner-section elementor-element elementor-element-96be38b elementor-section-boxed elementor-section-height-default elementor-section-height-default\" data-id=\"96be38b\" data-element_type=\"section\" data-e-type=\"section\">\n\t\t\t\t\t\t<div class=\"elementor-container elementor-column-gap-extended\">\n\t\t\t\t\t<div class=\"elementor-column elementor-col-50 elementor-inner-column elementor-element elementor-element-b31e45e\" data-id=\"b31e45e\" data-element_type=\"column\" data-e-type=\"column\">\n\t\t\t<div class=\"elementor-widget-wrap elementor-element-populated\">\n\t\t\t\t\t\t<div class=\"elementor-element elementor-element-a1fa2f8 elementor-widget elementor-widget-organium_heading\" data-id=\"a1fa2f8\" data-element_type=\"widget\" data-e-type=\"widget\" data-widget_type=\"organium_heading.default\">\n\t\t\t\t<div class=\"elementor-widget-container\">\n\t\t\t\t\t\n        <div class=\"organium_heading_widget\">\n                                <div class=\"organium_up_heading\"><\/div>\n                                    <div class=\"organium_heading\">\n\n                    Taner Soyaslan 1 kg Duble Siyah Zeytin, lezzetin ve kalitenin bulu\u015ftu\u011fu noktada sofralar\u0131n\u0131za misafir oluyor. Duble boyda, dolgun ve aromas\u0131 yo\u011fun olan bu zeytinler, damakta e\u015fsiz bir tat b\u0131rak\u0131r. Geleneksel y\u00f6ntemlerle olgunla\u015ft\u0131r\u0131lan, ince kabuklu ve etli yap\u0131s\u0131yla kahvalt\u0131lar\u0131n\u0131za ve mezelerinize de\u011fer katar. Sa\u011fl\u0131kl\u0131, do\u011fal ve katk\u0131s\u0131z yap\u0131s\u0131yla sofralar\u0131n\u0131zda g\u00f6n\u00fcl rahatl\u0131\u011f\u0131yla yer a\u00e7abilirsiniz.                <\/div>\n                        <\/div>\n        \t\t\t\t<\/div>\n\t\t\t\t<\/div>\n\t\t\t\t\t<\/div>\n\t\t<\/div>\n\t\t\t\t<div class=\"elementor-column elementor-col-50 elementor-inner-column elementor-element elementor-element-d0ecc78\" data-id=\"d0ecc78\" data-element_type=\"column\" data-e-type=\"column\">\n\t\t\t<div class=\"elementor-widget-wrap elementor-element-populated\">\n\t\t\t\t\t\t<div class=\"elementor-element elementor-element-154dee0 elementor-widget elementor-widget-text-editor\" data-id=\"154dee0\" data-element_type=\"widget\" data-e-type=\"widget\" data-widget_type=\"text-editor.default\">\n\t\t\t\t<div class=\"elementor-widget-container\">\n\t\t\t\t\t\t\t\t\t<p>Taner Soyaslan 10 kg \u0130ri Ya\u011fl\u0131 Siyah Zeytin, b\u00fcy\u00fck sofralar\u0131n ve profesyonel mutfaklar\u0131n vazge\u00e7ilmez tercihidir. Ya\u011fl\u0131 yap\u0131s\u0131, iri taneleri ve enfes aromas\u0131yla dikkat \u00e7eken bu zeytinler, tamamen do\u011fal y\u00f6ntemlerle haz\u0131rlan\u0131r. Uzun s\u00fcre tazeli\u011fini koruyan \u00f6zel teneke ambalaj\u0131 sayesinde ekonomik ve pratiktir. Kahvalt\u0131lardan salatalara, mezelerden garnit\u00fcrlere kadar her alanda kullan\u0131ma uygundur. Kalabal\u0131k sofralara kaliteyi ve lezzeti c\u00f6mert\u00e7e sunar.<\/p>\t\t\t\t\t\t\t\t<\/div>\n\t\t\t\t<\/div>\n\t\t\t\t\t<\/div>\n\t\t<\/div>\n\t\t\t\t\t<\/div>\n\t\t<\/section>\n\t\t\t\t\t<\/div>\n\t\t<\/div>\n\t\t\t\t\t<\/div>\n\t\t<\/section>\n\t\t\t\t<section class=\"elementor-section elementor-top-section elementor-element elementor-element-5713ecc elementor-section-boxed elementor-section-height-default elementor-section-height-default\" data-id=\"5713ecc\" data-element_type=\"section\" data-e-type=\"section\">\n\t\t\t\t\t\t<div class=\"elementor-container elementor-column-gap-default\">\n\t\t\t\t\t<div class=\"elementor-column elementor-col-100 elementor-top-column elementor-element elementor-element-f19ac4a\" data-id=\"f19ac4a\" data-element_type=\"column\" data-e-type=\"column\">\n\t\t\t<div class=\"elementor-widget-wrap elementor-element-populated\">\n\t\t\t\t\t\t<div class=\"elementor-element elementor-element-d72b7bf elementor-widget elementor-widget-spacer\" data-id=\"d72b7bf\" data-element_type=\"widget\" data-e-type=\"widget\" data-widget_type=\"spacer.default\">\n\t\t\t\t<div class=\"elementor-widget-container\">\n\t\t\t\t\t\t\t<div class=\"elementor-spacer\">\n\t\t\t<div class=\"elementor-spacer-inner\"><\/div>\n\t\t<\/div>\n\t\t\t\t\t\t<\/div>\n\t\t\t\t<\/div>\n\t\t\t\t\t<\/div>\n\t\t<\/div>\n\t\t\t\t\t<\/div>\n\t\t<\/section>\n\t\t\t\t<section class=\"elementor-section elementor-top-section elementor-element elementor-element-4b6ee1a elementor-section-stretched elementor-section-content-middle elementor-section-boxed elementor-section-height-default elementor-section-height-default\" data-id=\"4b6ee1a\" data-element_type=\"section\" data-e-type=\"section\" data-settings=\"{&quot;stretch_section&quot;:&quot;section-stretched&quot;,&quot;background_background&quot;:&quot;classic&quot;}\">\n\t\t\t\t\t\t<div class=\"elementor-container elementor-column-gap-wider\">\n\t\t\t\t\t<div class=\"elementor-column elementor-col-50 elementor-top-column elementor-element elementor-element-190c3a5\" data-id=\"190c3a5\" data-element_type=\"column\" data-e-type=\"column\">\n\t\t\t<div class=\"elementor-widget-wrap elementor-element-populated\">\n\t\t\t\t\t\t<div class=\"elementor-element elementor-element-655078b elementor-widget elementor-widget-organium_image\" data-id=\"655078b\" data-element_type=\"widget\" data-e-type=\"widget\" data-widget_type=\"organium_image.default\">\n\t\t\t\t<div class=\"elementor-widget-container\">\n\t\t\t\t\t        <div class=\"organium_image_widget\">\n            <div class=\"organium_image_container organium_image_style_default\">\n                <img decoding=\"async\" class=\"organium_image_widget_main_image lazyload\" data-src=\"https:\/\/tanersoyaslan.com\/wp-content\/uploads\/2026\/03\/WhatsApp-Image-2026-03-18-at-13.37.36-4.jpeg\" alt=\"\" src=\"data:image\/gif;base64,R0lGODlhAQABAAAAACH5BAEKAAEALAAAAAABAAEAAAICTAEAOw==\" style=\"--smush-placeholder-width: 1536px; --smush-placeholder-aspect-ratio: 1536\/1024;\" \/>\n            <\/div>\n        <\/div>\n        \t\t\t\t<\/div>\n\t\t\t\t<\/div>\n\t\t\t\t\t<\/div>\n\t\t<\/div>\n\t\t\t\t<div class=\"elementor-column elementor-col-50 elementor-top-column elementor-element elementor-element-59c8f61\" data-id=\"59c8f61\" data-element_type=\"column\" data-e-type=\"column\">\n\t\t\t<div class=\"elementor-widget-wrap elementor-element-populated\">\n\t\t\t\t\t\t<div class=\"elementor-element elementor-element-c59b0ff elementor-widget elementor-widget-text-editor\" data-id=\"c59b0ff\" data-element_type=\"widget\" data-e-type=\"widget\" data-widget_type=\"text-editor.default\">\n\t\t\t\t<div class=\"elementor-widget-container\">\n\t\t\t\t\t\t\t\t\t<p>Do\u011fal fermentasyon ve \u00f6zel salamura i\u015flemiyle haz\u0131rlanan Duble Siyah Zeytinler, katk\u0131s\u0131z ve sa\u011fl\u0131kl\u0131 yap\u0131s\u0131yla her \u00f6\u011f\u00fcne ayr\u0131cal\u0131k katar. Parlak, \u00e7ekici g\u00f6r\u00fcn\u00fcm\u00fc ve dengeli tuz oran\u0131yla kahvalt\u0131larda, salatalarda ya da mezelerde kullan\u0131ma idealdir.<\/p>\t\t\t\t\t\t\t\t<\/div>\n\t\t\t\t<\/div>\n\t\t\t\t\t<\/div>\n\t\t<\/div>\n\t\t\t\t\t<\/div>\n\t\t<\/section>\n\t\t\t\t<section class=\"elementor-section elementor-top-section elementor-element elementor-element-a517a8e elementor-section-boxed elementor-section-height-default elementor-section-height-default\" data-id=\"a517a8e\" data-element_type=\"section\" data-e-type=\"section\">\n\t\t\t\t\t\t<div class=\"elementor-container elementor-column-gap-default\">\n\t\t\t\t\t<div class=\"elementor-column elementor-col-100 elementor-top-column elementor-element elementor-element-e28c9d3\" data-id=\"e28c9d3\" data-element_type=\"column\" data-e-type=\"column\">\n\t\t\t<div class=\"elementor-widget-wrap elementor-element-populated\">\n\t\t\t\t\t\t<div class=\"elementor-element elementor-element-7aad727 elementor-widget elementor-widget-spacer\" data-id=\"7aad727\" data-element_type=\"widget\" data-e-type=\"widget\" data-widget_type=\"spacer.default\">\n\t\t\t\t<div class=\"elementor-widget-container\">\n\t\t\t\t\t\t\t<div class=\"elementor-spacer\">\n\t\t\t<div class=\"elementor-spacer-inner\"><\/div>\n\t\t<\/div>\n\t\t\t\t\t\t<\/div>\n\t\t\t\t<\/div>\n\t\t\t\t\t<\/div>\n\t\t<\/div>\n\t\t\t\t\t<\/div>\n\t\t<\/section>\n\t\t\t\t<\/div>\n\t\t","protected":false},"excerpt":{"rendered":"<p>Taner Soyaslan 10 kg \u0130ri Ya\u011fl\u0131 Siyah Zeytin, b\u00fcy\u00fck sofralar\u0131n ve profesyonel mutfaklar\u0131n vazge\u00e7ilmez tercihidir. Ya\u011fl\u0131 yap\u0131s\u0131, iri taneleri ve enfes aromas\u0131yla dikkat \u00e7eken bu zeytinler, tamamen do\u011fal y\u00f6ntemlerle haz\u0131rlan\u0131r. Uzun s\u00fcre tazeli\u011fini koruyan \u00f6zel teneke ambalaj\u0131 sayesinde ekonomik ve pratiktir. Kahvalt\u0131lardan salatalara, mezelerden garnit\u00fcrlere kadar her alanda kullan\u0131ma uygundur. Kalabal\u0131k sofralara kaliteyi ve lezzeti [&hellip;]<\/p>\n","protected":false},"author":1,"featured_media":0,"parent":0,"menu_order":0,"comment_status":"closed","ping_status":"closed","template":"","meta":{"footnotes":""},"class_list":["post-226","page","type-page","status-publish","hentry"],"aioseo_notices":[],"_links":{"self":[{"href":"https:\/\/tanersoyaslan.com\/index.php?rest_route=\/wp\/v2\/pages\/226","targetHints":{"allow":["GET"]}}],"collection":[{"href":"https:\/\/tanersoyaslan.com\/index.php?rest_route=\/wp\/v2\/pages"}],"about":[{"href":"https:\/\/tanersoyaslan.com\/index.php?rest_route=\/wp\/v2\/types\/page"}],"author":[{"embeddable":true,"href":"https:\/\/tanersoyaslan.com\/index.php?rest_route=\/wp\/v2\/users\/1"}],"replies":[{"embeddable":true,"href":"https:\/\/tanersoyaslan.com\/index.php?rest_route=%2Fwp%2Fv2%2Fcomments&post=226"}],"version-history":[{"count":35,"href":"https:\/\/tanersoyaslan.com\/index.php?rest_route=\/wp\/v2\/pages\/226\/revisions"}],"predecessor-version":[{"id":4184,"href":"https:\/\/tanersoyaslan.com\/index.php?rest_route=\/wp\/v2\/pages\/226\/revisions\/4184"}],"wp:attachment":[{"href":"https:\/\/tanersoyaslan.com\/index.php?rest_route=%2Fwp%2Fv2%2Fmedia&parent=226"}],"curies":[{"name":"wp","href":"https:\/\/api.w.org\/{rel}","templated":true}]}}